at is -76 + 2c3?
24a
In base 5, what is 31443031 - 0?
31443031
In base 9, what is 146 - 125?
21
In base 5, what is 2000 + 1002?
3002
In base 2, what is 0 + 1110000100001111000?
1110000100001111000
In base 9, what is 6725418 - -2?
6725421
In base 8, what is 143671 + -64?
143605
In base 4, what is -10 + 21231003?
21230333
In base 6, what is -21451110 - -2?
-21451104
In base 15, what is -3b1a + 2?
-3b18
In base 14, what is -1 - -124b0?
124ad
In base 5, what is 4001 + 4342?
13343
In base 5, what is -13 - -14114220?
14114202
In base 2, what is -1 - 100110000100?
-100110000101
In base 2, what is -111 + -11010000000010?
-11010000001001
In base 14, what is -169026 + -5?
-16902b
In base 8, what is 3 + -27504?
-27501
In base 14, what is -3 - -20a8c?
20a89
In base 4, what is 0 - 1300103?
-1300103
In base 8, what is -21 + -3313?
-3334
In base 12, what is 158 + 52?
1aa
In base 3, what is 2021022 + -11?
2021011
In base 9, what is -120024 - -8?
-120015
In base 9, what is -24646 - -1?
-24645
In base 13, what is -11131b - 5?
-111323
In base 13, what is 75 + 577?
61c
In base 15, what is ba2 + 67?
c19
In base 13, what is -99246 - -4?
-99242
In base 8, what is 4 - -16720?
16724
In base 7, what is 232155 + -33?
232122
In base 5, what is -202220 + -2200?
-204420
In base 9, what is -80663 + 6?
-80656
In base 5, what is 101214 - 320?
100344
In base 15, what is -18c - 9a?
-237
In base 7, what is 253116 + 4?
253123
In base 7, what is 10 + -422563?
-422553
In base 12, what is -832 - -25?
-809
In base 16, what is -155f2b + 4?
-155f27
In base 4, what is 1 - -31?
32
In base 6, what is 450 - 15524?
-15034
In base 6, what is 11250 - -44?
11334
In base 2, what is 101 + 11100100000101?
11100100001010
In base 3, what is -21 - 10220110202?
-10220111000
In base 3, what is -10 - -120222211?
120222201
In base 4, what is 3023010131 - -10?
3023010201
In base 3, what is -11020201122022 + -11?
-11020201122110
In base 14, what is 3905c - 2?
3905a
In base 3, what is -101020211121 - -1?
-101020211120
In base 5, what is 122 + 100004?
100131
In base 14, what is 3 + -86b22?
-86b1d
In base 12, what is -1043b2 - -2?
-1043b0
In base 10, what is -2 + 8416?
8414
In base 4, what is 32013323 + -3?
32013320
In base 10, what is -29 + 37637?
37608
In base 10, what is 660866 - 0?
660866
In base 3, what is -12 + 120111021?
120111002
In base 2, what is -1100100111111011 - 1011?
-1100101000000110
In base 2, what is 1101000000000 + 1111100?
1101001111100
In base 6, what is 1 + -4311125?
-4311124
In base 15, what is -42306 + 3?
-42303
In base 11, what is 38 + 81?
109
In base 7, what is -13 - -60355?
60342
In base 11, what is -4 + -884955?
-884959
In base 9, what is -1 + -311216?
-311217
In base 5, what is -44000101 + 4?
-44000042
In base 12, what is 27 - 41?
-16
In base 4, what is -10 + -201300?
-201310
In base 4, what is -10123 + -320131?
-330320
In base 12, what is -bb6a0 - 1?
-bb6a1
In base 16, what is 3020 - 3f?
2fe1
In base 7, what is -13621 - -254?
-13334
In base 5, what is 110 + 233411?
234021
In base 5, what is -21302 + 1004?
-20243
In base 5, what is 2124131224 + -1?
2124131223
In base 14, what is 29 + 55?
80
In base 10, what is 0 - 120076?
-120076
In base 11, what is -9598 - -9?
-958a
In base 13, what is b2 - 42c?
-34a
In base 13, what is 14 - -825?
839
In base 5, what is -40233 - 1424?
-42212
In base 8, what is 422 + 3300?
3722
In base 2, what is 11100 + -1111011000000?
-1111010100100
In base 9, what is 2710 - 231?
2468
In base 7, what is -3 + -22021?
-22024
In base 14, what is -77 + 1b25?
1a8c
In base 13, what is -5791 - -117?
-5677
In base 9, what is -5 + 225276?
225271
In base 13, what is 13b + b090?
b1cb
In base 15, what is -53b - 100?
-63b
In base 4, what is 1112 - 11103?
-3331
In base 5, what is -113 + 423143?
423030
In base 12, what is a8 + -39a7?
-38bb
In base 8, what is 1 + 4644545?
4644546
In base 6, what is 23 - 533142?
-533115
In base 5, what is -13332 - -411?
-12421
In base 4, what is -30 - 1021211?
-1021301
In base 6, what is -5 - -252554?
252545
In base 12, what is -3 - 7ab53?
-7ab56
In base 8, what is -510 - 50?
-560
In base 2, what is 10110010001 + -111?
10110001010
In base 7, what is 5636200 + -2?
5636165
In base 6, what is 2514 - 5301?
-2343
In base 7, what is 5302 + -42?
5230
In base 11, what is -6165 + -5?
-616a
In base 5, what is 4 - -31123?
31132
In base 2, what is -101 + 101110000001110110?
101110000001110001
In base 10, what is -3 + -241814?
-241817
In base 9, what is -3 + -1625834?
-1625837
In base 7, what is 2231252 + -5?
2231244
In base 2, what is 1110 - 101001001111000?
-101001001101010
In base 9, what is 3 - 56151?
-56147
In base 15, what is 4d - 12?
3b
In base 10, what is -2 + -54163?
-54165
In base 13, what is 566 - 10?
556
In base 8, what is -15373 - 11?
-15404
In base 12, what is -1446 - 464?
-18aa
In base 9, what is 14215 + -126?
14078
In base 13, what is 1854 - 4?
1850
In base 5, what is -12 - -413?
401
In base 2, what is -10 + -1010110001100111110?
-1010110001101000000
In base 3, what is -110021200 + -11?
-110021211
In base 16, what is a + -966?
-95c
In base 9, what is -108504 - 3?
-108507
In base 3, what is -1020 + 112222?
111202
In base 5, what is 403 + -34?
314
In base 5, what is -24 - -341113?
341034
In base 3, what is 112112212 + 21?
112120010
In base 14, what is 7 - 47dd?
-47d6
In base 3, what is 1100220021010 - -1?
1100220021011
In base 14, what is 2 - -6222?
6224
In base 4, what is 2013 - 102303?
-100230
In base 16, what is -1691 + -4?
-1695
In base 15, what is 5 - 5dcc?
-5dc7
In base 16, what is -77 - 3b80?
-3bf7
In base 5, what is -40423204 + -10?
-40423214
In base 15, what is -6ecb + -5?
-6ed1
In base 4, what is -3001322320 + -10?
-3001322330
In base 5, what is 4 + -132320?
-132311
In base 7, what is -40 - -3206?
3136
In base 7, what is -6062401 - 6?
-6062410
In base 12, what is 329 + -3?
326
In base 8, what is -5351765 - 4?
-5351771
In base 9, what is 436 + 246?
683
In base 14, what is b0302 - 0?
b0302
In base 7, what is 3105616 - 4?
3105612
In base 4, what is 1 + 321002030?
321002031
In base 14, what is -1cb + 49?
-182
In base 6, what is 11454421 + -2?
11454415
In base 12, what is 8 + -540779?
-540771
In base 13, what is 19642 - 3?
1963c
In base 11, what is -6 - 1319?
-1324
In base 13, what is -7 + 2270?
2266
In base 14, what is 8225d - 1?
8225c
In base 7, what is -11 - -6555?
6544
In base 14, what is 5 - -17cab?
17cb2
In base 6, what is -200251 - 0?
-200251
In base 13, what is -12 - -9ca7?
9c95
In base 11, what is 31 + 8974?
89a5
In base 5, what is -40022 + 10?
-40012
In base 16, what is 5 - e456?
-e451
In base 15, what is 1c5669 - 0?
1c5669
In base 14, what is 2 - 5688d?
-5688b
In base 5, what is -13023 + -414?
-13442
In base 13, what is -4 + 19?
15
In base 6, what is -301504 + 0?
-301504
In base 11, what is -68 - -3592?
3525
In base 4, what is 212 + 310031?
310303
In base 3, what is 101210022 - 11020?
101122002
In base 6, what is 4 + -44014?
-44010
In base 8, what is -27 - -32470?
32441
In base 2, what is -10 + -10001111001010011?
-10001111001010101
In base 10, what is 2 + -7959?
-7957
In base 4, what is 2103 + -3323?
-1220
In base 14, what is -543 + -22?
-565
In base 6, what is 21 - 1413?
-1352
In base 14, what is 4 - 10aabb?
-10aab7
In base 5, what is 3424 + 143?
4122
In base 9, what is 0 - 438821?
-438821
In base 6, what is 0 + 502?
502
In base 9, what is 152 - -10080?
10242
In base 11, what is 405 + 85?
48a
In base 5, what is 1210 + -4242?
-3032
In base 15, what is -8c59 + 0?
-8c59
In base 12, what is 1 - -973a?
973b
In base 15, what is 1 - -1cda?
1cdb
In base 7, what is -566 - -56?
-510
In base 13, what is 21 + -cc0?
-c9c
In base 8, what is 245145 - -36?
245203
In base 12, what is 28 + -59a?
-572
In base 5, what is -1334443300 + 1?
-1334443244
In base 13, what is -2633 + -4?
-2637
In base 10, what is 161 + -110?
51
In base 5, what is -3 + 2013432?
2013424
In base 13, what is -4 + 2620?
2619
In base 4, what is -113 - 1212113?
-1212232
In base 5, what is 220100 - 44?
220001
In base 2, what is -100 - -11110101011111?
11110101011011
In base 7, what is -44261 - 4?
-44265
In base 4, what is -1230130201 - 2?
-1230130203
In base 14, what is 3b7 - 85?
332
In base 5, what is 10 - 223243?
-223233
In base 8, what is -15275 + -465?
-15762
In base 